 3. Suppose -9 = -l - 4. Suppose 0 = l*m - 3*j - 81, m + j - 4*j - 9 = 0. What is the highest common divisor of m and q?
2
Suppose 7*p + 6523 + 2882 = 102*p. Calculate the highest common divisor of p and 88.
11
Suppose 13*o - 225 = 828. Suppose 72*b = o*b - 882. Calculate the greatest common factor of 245 and b.
49
Let b(u) = 65*u + 5. Let k = 7 - 6. Let h be b(k). What is the highest common divisor of 110 and h?
10
Let s be 6/(-18) + (-176)/(-6). Let m = 28921 + -28428. Calculate the greatest common factor of s and m.
29
Let n(a) = -110*a - 2294. Let f be n(-21). Let i be 1 - (0/1 + -2). Suppose 0*z - i*c + 13 = 4*z, 5*c = -z - 1. Calculate the highest common factor of z and f.
4
Let b be 8/(-12) - (-15526)/42 - 10/(-2). What is the highest common factor of b and 850?
34
Suppose -t = -5 - 1. Suppose -5*f - 12 = -f + 4*r, -4*f = -4*r - 28. Suppose 5*a - 75 = -5*u, f*a + 0 = u - 24. Calculate the highest common factor of u and t.
6
Let p be (-38)/(-5)*10/4. Let m(c) = -3*c**2 - 110*c - 87. Let n be m(-32). What is the greatest common factor of n and p?
19
Let p(t) = 4269*t + 1730. Let j be p(7). What is the greatest common divisor of j and 101?
101
Let m be 13*344/(-559) + 74*1. What is the highest common divisor of 12771 and m?
33
Let y be ((-55)/33)/((-5)/18). Suppose -4*g - 3*t = -99, -y*g + 11*g = -4*t + 125. Calculate the highest common divisor of 6 and g.
3
Let w = -7163 - -7189. Suppose 18 = 2*p + p. Let c = w - p. Calculate the greatest common factor of 80 and c.
20
Let v(a) = 60*a**2 + a - 91*a**2 - 97*a**2. Let n be v(2). Let t be n/(-8) + 3/12. What is the greatest common divisor of 8 and t?
8
Suppose -5*t = -0*t. Suppose t = -3*j + 13 - 1. Suppose -2333*s + 1799 = -7533. Calculate the greatest common divisor of j and s.
4
Let z = 15 - 30. Let j be (9/15 - 21/z) + 77. Let h = 26 + j. Calculate the highest common factor of 42 and h.
21
Let t(i) = 2*i**2 - 10*i + 12. Let r be t(6). Let s be (44/(-12))/((-8)/r). Suppose -181 = -5*m + 314. Calculate the greatest common factor of m and s.
11
Let n be 24 + (2 - 1) + 0. Let d be (-8)/(-24)*((45 - -8) + -23). What is the highest common factor of d and n?
5
Let s = 0 + 5. Suppose 0 = 3*w + 15, -2*w + w = -4*d - 963. Let u = d + 247. Calculate the greatest common divisor of u and s.
5
Suppose 8*j - 8536 = -37*j + j. What is the highest common divisor of 5 and j?
1
Let a be 86/10 - 2/(-5). Suppose 3*y + 4 = 7*y, -2*i = 4*y - 14. Suppose -685 = -i*q - 190. What is the greatest common factor of q and a?
9
Let w be 5/(-3) + 1 - (-6132)/126. Let d(a) = a**2 - 4*a - 5. Let b be d(5). Suppose b = -0*c + c - 12. What is the highest common divisor of c and w?
12
Let y be (2 + 0)/(6*6/(-108)). Let l be y*(3 + (-58)/12). Calculate the highest common divisor of l and 473.
11
Suppose 487 = -36*a - 1313. Let x be (144/15)/(-1 - 65/a). Calculate the highest common factor of 432 and x.
16
Let c = -35 + 58. Suppose m = -5*k - 6, 0 = 5*m - 3*k + 2*k - 22. Suppose m*p = 20, s = 6*s - 3*p - 215. What is the greatest common divisor of c and s?
23
Suppose 82 + 38 = 4*b. Suppose -1157*p + 1156*p = 3*z - 96, -4*p - z = -417. What is the greatest common divisor of p and b?
15
Let t = 34 - 1. Let m be (-159322)/14800*-40 + -1 + 6/(-10). What is the greatest common divisor of m and t?
33
Let h(n) = 6*n + 8*n - 4 - 15*n**2 + n - 3*n - n**3. Let z be h(-16). Let j = 84 - z. Calculate the highest common divisor of j and 216.
24
Let f = 5994 + -5860. Calculate the highest common divisor of 1139 and f.
67
Let g(s) be the third derivative of -s**6/120 - s**5/5 - 7*s**4/6 - s**3/3 - 26*s**2. Let u be g(-2). What is the highest common divisor of 154 and u?
14
Let s(r) be the third derivative of r**5/60 - 7*r**3/6 + 7*r**2. Let w be s(8). Suppose 0 = 2*t - t - 19. What is the highest common divisor of t and w?
19
Suppose -465 = -5*f + 4*h + 1453, 4*f + h = 1568. Calculate the greatest common factor of 120 and f.
30
Suppose -3*l + 2 - 11 = 0. Let y be 138/((-22)/(-6) + l). Let o be (-3)/12 - 837/(-36). Calculate the greatest common factor of o and y.
23
Let z(d) = 9*d - 18. Let w be z(12). Suppose 5*s = -5*n + 10, -5*n + 3*n = -2*s + 8. Let x be 62*n/(-6) - 1/3. Calculate the greatest common factor of x and w.
10
Let s = 13757 + -13750. What is the highest common divisor of s and 5250?
7
Suppose 0 = -z - 4*q + 17 + 8, 35 = 5*z + 2*q. What is the greatest common divisor of 6655 and z?
5
Let j(a) = a**2 - 104*a + 2208. Let p be j(76). What is the greatest common factor of p and 1320?
40
Suppose 13*c = 819 + 1404. Let h = 166 - 90. What is the greatest common divisor of c and h?
19
Let d(t) = t**3 + 2*t**2 + t + 17. Let k be d(-4). Let c be 56 + k - -4*2. What is the greatest common divisor of 30 and c?
15
Suppose 4*p + 5*r - 18 = 20, -4*p = 4*r - 44. Suppose 2*i - y - 14 = -0*y, -7 = -i + 5*y. Let g = 126 - i. What is the highest common divisor of p and g?
17
Let w(u) = -u**3 - 19*u**2 - 97*u + 12. Let r be w(-5). What is the highest common divisor of 105 and r?
21
Let b be 3/4 - 1428/(-16) - -3. Let f = b - 48. Suppose -95 = -17*p + 160. What is the greatest common divisor of p and f?
15
Suppose d + 11*q = 7*q + 1332, 0 = -2*d - 4*q + 2676. Calculate the greatest common divisor of d and 42.
42
Suppose 3*m = 2*g + 3270, 3*m + 148 = -3*g + 3403. Calculate the highest common divisor of m and 384.
64
Let z(x) = -2*x**3 - 8*x**2 + 6*x - 18. Let y be z(-5). What is the greatest common factor of 458 and y?
2
Let w = -59848 + 60341. Let r(l) = l**2 - 4*l + 5. Let j be r(6). Calculate the greatest common factor of w and j.
17
Suppose -1592*m = -1384*m - 52416. Let y be 2/(-3 - 7/(-2)). Calculate the highest common factor of m and y.
4
Let x(f) = -f**3 - 12*f**2 - 10*f + 16. Let w be x(-11). Let s be 42/5 - 2/w. Suppose 15 = c - 48 - 33. Calculate the highest common factor of s and c.
8
Let d(c) = -2*c**2 - 60*c - 59. Let u be d(-29). Let t be (u + 17)*(-1 - -4)/3. Calculate the greatest common factor of t and 400.
16
Let v be -367 - (4/16 + 1/(-4)). Let b = v - -502. What is the highest common factor of b and 180?
45
Suppose -11 - 1 = -4*d. Suppose 0 = -5*h + 8*i - 3*i + 395, -3*h - d*i + 249 = 0. Let u = 187 - 133. What is the greatest common divisor of u and h?
27
Let d be (-8 - -2)*119/21. Let t = d + 41. What is the greatest common divisor of t and 7?
7
Suppose -5*p + 25*p - 3100 = 0. Calculate the highest common divisor of p and 961.
31
Let z(m) = -4*m**3 + m + 36. Let j(w) = -w**3 + 5*w**2 + w - 5. Let a be j(5). Let k be z(a). What is the greatest common factor of k and 54?
18
Let d = 2492 + 1291. What is the highest common divisor of d and 39?
39
Suppose 0*l = 3*l - 252. Let r(y) = -3*y - 23. Let x be r(-7). Let v be (2/3)/(x*(-2)/l). Calculate the highest common divisor of v and 21.
7
Let g = -5238 - -5700. What is the greatest common factor of 336 and g?
42
Suppose 70*t = -158 + 5338. Calculate the greatest common divisor of 7400 and t.
74
Suppose 0 = -d - 3, -3*b - 22 = -4*d + 29. Let h be 392/18 - (-18)/81. Let r = b + h. What is the greatest common divisor of 5 and r?
1
Let z be ((2 - 1)/(-4 + 3))/(2/(-86)). Suppose 0 = q - 2*q - 3*u - 26, 0 = -2*q + 2*u - 76. Let f = q + z. Calculate the highest common factor of 40 and f.
8
Suppose -u + 4*r = 16, 8*r - 3*r - 20 = 3*u. Suppose u = 2*v - 2*k - 33 - 93, v - 69 = 3*k. Calculate the greatest common divisor of v and 48.
12
Let z be 36/1 - (-13 + (9 - -4)). Let d be 30*(-4 - 5*-2). What is the highest common factor of z and d?
36
Let f = -11 + 26. Let t(l) = -11*l - 28. Let u = 19 + -27. Let n be t(u). Calculate the highest common divisor of f and n.
15
Let d = -5944 - -6571. What is the greatest common divisor of 26125 and d?
209
Let c(w) = 2*w**2 - 20*w + 22. Let o be c(10). Suppose 0 = 2*h + 4*b - 74, 4*h + o - 222 = 5*b. Calculate the highest common factor of h and 120.
15
Let k(o) = -o**3 + 5*o**2 + 3*o - 11. Let u be k(5). Let q(d) = 8*d + 1. Let c be q(u). Let j = 49 + -46. What is the greatest common factor of j and c?
3
Let x = 216 + -211. Suppose -2*h - 2708 = -4*a, -a + 358 = x*h - 341. What is the greatest common divisor of 7 and a?
7
Let z be ((-38)/(-19) + 2 - -5)*1846/6. Calculate the greatest common factor of z and 497.
71
Suppose 28*d - 4956 = -0*d - 31*d. Calc